umber?
False
Let p(z) = -z**2 + z + 3. Let f be p(0). Let v(n) = n**3 - 10*n + 9*n**2 - 3 - 4*n**2 + f*n**2. Is v(-8) a composite number?
True
Let w = 34 - 4. Suppose -3*l + 657 = w. Is l composite?
True
Let p(t) be the second derivative of -8*t**3/3 - 7*t**2/2 - 2*t. Let l be p(-7). Suppose 4*x - l = 43. Is x a prime number?
True
Suppose -l + 1310 = -3*r, 4*r = -r + 15. Is l composite?
False
Let a = 27 - 1. Is a a composite number?
True
Is 739/(6*(-4)/(-48)) prime?
False
Let z = -8109 - -19492. Is z a prime number?
True
Let j(k) = 141*k - 19. Is j(13) prime?
False
Let p be (7 - 2)*(-6)/15. Let c be 1/2 + 21/p. Is (-2624)/(-20) - (-2)/c a composite number?
False
Let o(x) = -13*x + 4. Suppose -4*b + 4*p - p - 11 = 0, 16 = -5*b + 3*p. Is o(b) prime?
False
Let y = 14 - 11. Suppose -y*w - 168 = -3*s, 2*s - 2*w = w + 111. Is s prime?
False
Is (-6)/9 + 2874/18 composite?
True
Let m(q) be the second derivative of 23*q**4/12 + q**3/6 + q**2/2 - 9*q. Is m(4) a prime number?
True
Suppose -4*w = -w - 9. Suppose 0*l = 5*z + l + 52, w*z = l - 28. Is 4/z + 144/10 prime?
False
Let q = 2 + -2. Suppose 0*w - 5*w = q. Suppose -b - 672 = -5*b - 4*l, -b + 3*l + 172 = w. Is b a composite number?
True
Let m be 8/(-4)*(-2 - -1). Let h be 23/5 - m/(-5). Suppose 0 = -4*z + y - 4*y + 189, -2*z + 127 = -h*y. Is z prime?
False
Suppose 0*j + 2*j = 2*s + 22, 3*j = s + 25. Is 1*-3*j/(-3) a composite number?
False
Let s = 493 + 408. Is s a composite number?
True
Let h = 545 - 354. Is h prime?
True
Suppose 142 = v + 5*r, r + 517 = 4*v + 4*r. Is v composite?
False
Is (-662)/(-3)*(-24)/(-16) a composite number?
False
Let g be 12/4 + 0 - -185. Let d = g + -111. Is d a prime number?
False
Suppose -l + 232 = -65. Let k = -40 + l. Is k a composite number?
False
Suppose 227 = 2*i + q - 117, 3*i - 2*q - 530 = 0. Let c = i - 120. Suppose -b + 59 = 4*r, b = -0*b + r + c. Is b a prime number?
False
Let i(v) = v + 301. Is i(0) prime?
False
Let m(w) be the first derivative of 3 + 35/2*w**2 + 7*w. Is m(6) prime?
False
Let n(c) = -5*c - 3. Let z(k) = -k**3 + k**2 + k - 1. Let w be z(2). Let x be n(w). Suppose 1 - x = -u. Is u composite?
False
Suppose -4*y + 445 = 3*x, -4*y + 5*x + 203 = -2*y. Is y composite?
False
Let i(p) = 11*p**2 - 7*p - 1. Suppose 2*a + 10 = -4*g + a, a + 6 = -2*g. Let z = 7 + g. Is i(z) prime?
True
Let u(d) = 9*d**2 + 4*d - 8. Is u(3) a prime number?
False
Let h = -24 + 19. Let l = 26 - h. Is l a prime number?
True
Suppose 3484 + 4095 = 11*n. Is n composite?
True
Suppose -2*q = -4*q + 10, -298 = -2*i - 4*q. Let j = i - 80. Is j composite?
False
Let v(l) = 21 + 3*l**2 - 27 + 3*l**2 - l**3 - l. Let z(n) = n - 1. Let p be z(6). Is v(p) composite?
True
Is (1*1*-47)/(2/(-4)) composite?
True
Let v = -754 - -2191. Is v a prime number?
False
Let q(s) = s**3 - 10*s**2 + 4*s + 4. Let i(u) = u**2 + u + 1. Let d(c) = 3*i(c) + q(c). Is d(8) a composite number?
False
Let c be 2/(-6) + (-340)/(-12). Suppose -c = -4*i - 4. Is i a composite number?
True
Let m(z) = 2*z - 11. Let r(k) = -2*k + 12. Let g(v) = -5*m(v) - 6*r(v). Is g(12) a prime number?
True
Let h be (1 - (1 + 0)) + 1. Let a(o) = 193*o + 2*o**2 + 5*o**3 - 1 - 193*o. Is a(h) a composite number?
True
Suppose 14*c = 13*c + 502. Is c composite?
True
Suppose 0 = 2*w - 4*w + 74. Is (w/(-3))/(1/(-3)) a composite number?
False
Let y(m) = 3*m**3 - 12*m + 14. Is y(5) a prime number?
False
Let b(i) = 3*i + 3. Let q be b(-3). Let k be 2/6 + (-28)/q. Suppose t - 63 + 8 = k*x, 0 = -5*t + 3*x + 187. Is t a composite number?
True
Suppose -6*n + 553 + 6425 = 0. Is n composite?
False
Suppose 0 = 2*z - z. Suppose -x = -5 - z. Suppose 10*s - x*s - 357 = -4*q, -4*s = 4*q - 360. Is q a composite number?
True
Let a(n) = -42*n - 5. Suppose -4*d + 5*d = -4. Is a(d) prime?
True
Let j(b) = b + 9*b - 1 + 2. Is j(3) prime?
True
Suppose 4*x + 2*q - 18 = 0, -5*x - 2*q - 5 = -5*q. Suppose -x*k + 150 = -24. Is k composite?
True
Is (-22253)/(-56) - 3/8 a composite number?
False
Let b be (1 - (1 - 2)) + 0. Suppose -b*m = -6*m + 60. Is m a composite number?
True
Let d be (-24)/(-9) + (-2)/(-6). Suppose d*s = -s + 520. Let j = -75 + s. Is j composite?
True
Suppose -2*t - 24 = -2*w, -5*w + 52 = -3*t - 0*t. Suppose -22 = -3*g + w. Suppose o = 6*o - g. Is o composite?
False
Let x be (-4)/(-18) - (-493)/9. Let z = -6 + x. Is z a prime number?
False
Let c be (-7)/(-14) - (-63)/(-2). Let g = c + 46. Is g a prime number?
False
Suppose 3*d = 387 + 78. Is d prime?
False
Suppose -652 = -6*k + 134. Is k a composite number?
False
Let a(o) = 2*o**3 + 5*o**2 - 2*o - 3. Let h be a(3). Let m = -55 + h. Is m a prime number?
False
Let h(u) = 53*u**3 - 3*u**2 - 4*u + 1. Is h(3) composite?
True
Let i(k) be the third derivative of k**5/60 - k**4/24 - 3*k**3/2 + 4*k**2. Is i(7) prime?
False
Suppose -2*h + h = 0. Suppose -3*o = -h*o. Suppose o*l - 4*l = -92. Is l prime?
True
Let s(w) = 181*w**3 + w**2 - 2*w + 1. Let z(o) = -180*o**3 - o**2 + 2*o - 1. Let t(b) = 5*s(b) + 4*z(b). Let d be t(1). Suppose -2*a = 3*a - d. Is a composite?
False
Let g(k) = k**3 + 19*k**2 + 7*k + 5. Let j be g(-15). Let y = j - 513. Is y composite?
True
Let x(d) = d**2 - 10*d + 7. Suppose 0*g = -3*g + o + 3, -5 = -5*g - 5*o. Let y(l) = -l**2 - 1. Let k(c) = g*x(c) + 2*y(c). Is k(-9) a prime number?
False
Let n = 1942 - 471. Is n a prime number?
True
Suppose 5*l = -2*w + 4558, l = 4*w + 1004 - 110. Suppose 8*n - l = 154. Is n prime?
False
Let w = 458 + -302. Suppose 6*m = 2*m + w. Is m a composite number?
True
Let u = 361 + 48. Is u prime?
True
Suppose -m - 3 = -4*g, -4*m + 2*g - 7 + 23 = 0. Suppose m*j = 304 + 511. Is j a composite number?
False
Suppose -3*i + 51 = -6. Is i a prime number?
True
Let v be (3/(-6))/(1/(-406)). Let p = -138 + v. Is p a composite number?
True
Suppose -9*g - 142 = -997. Is g a prime number?
False
Let n be 0 - (-1 - -14)*-1. Let j(c) = c**3 - 13*c**2 + c + 18. Is j(n) composite?
False
Suppose 0 = 2*s + 4*k - 750, -5*k - 2 + 7 = 0. Is s prime?
True
Let h(i) = -2*i**3 - 2*i**2 + 12*i - 3. Is h(-8) a composite number?
False
Let v(o) be the first derivative of -o**4/4 + 2*o**3 - o**2/2 + 2*o - 1. Suppose -15 = -2*a + 5*m, -4*m = a + 1 - 2. Is v(a) prime?
False
Suppose -n = -3*b + 11, -3*b = n - 0*n - 7. Let k be 1 + ((-72)/(-1) - n). Suppose -o = 5, 0 = -4*i - 3*o + 46 + k. Is i a prime number?
False
Suppose 3*t = 2*t + 8. Let g = t + -1. Suppose g*r = 6*r + 95. Is r a composite number?
True
Suppose -p - 5 = -2*p. Suppose 12 = 6*h - 3*h, 0 = p*r + 5*h + 155. Let t = 0 - r. Is t a composite number?
True
Is (1 - 2) + 9676/2 composite?
True
Let w(d) = -222*d + 6. Let u be w(-4). Is (u/(-15))/((-2)/5) prime?
True
Suppose 0 = -5*m - 42 + 692. Suppose 361 - m = 3*g. Is g prime?
False
Is (330 - (3 + -4))*1 a composite number?
False
Suppose 2*j - 30 = -j. Suppose 4*n - j - 16 = 2*f, 5*n - 40 = 4*f. Suppose n*g = -0*g + 24. Is g a prime number?
False
Suppose -4*b + 1 = 5*a, 0*b = -3*b - a - 13. Let y = -3 - b. Suppose 0 = w + y*j, -7*j - 20 = -3*j. Is w a composite number?
True
Let c = -40 + 108. Let y = 11 + c. Is y a composite number?
False
Let h = 308 - 97. Is h prime?
True
Let t be (-1)/3 + 1/3. Suppose 4*n - 27 - 109 = t. Suppose 3*o = k + n, 5*o - 59 = 2*k + 2*k. Is o a prime number?
True
Let c(p) = -19*p - 10. Is c(-7) a prime number?
False
Is (-163)/(-11) - 4/(-22) a prime number?
False
Let s = 83 + -44. Suppose c + s = 2*c. Is c a composite number?
True
Suppose 2*f - 15 = -f. Let k(n) = 2*n**2 + 12*n - 5. Let b(p) = p**2 + 6*p - 2. Let m(x) = f*b(x) - 3*k(x). Is m(-5) a composite number?
True
Suppose 8*y - 6*y - 572 = 0. Suppose 8*v + u - y = 6*v, -2*v - 5*u = -270. Is v a composite number?
True
Suppose -7*c + 241 = -1824. Is c composite?
True
Let u = -115 - -272. Is u composite?
False
Let u(n) = 6*n**3 + 3*n**2 - 2*n + 3. Let z be 1*2 + 5/5. Suppose -z*w + 10 = 4. Is u(w) prime?
True
Let y be 133/15 + 2/15. Let t(p) = -p**3 + 11*p**2 - 13*p + 13. Is t(y) a prime number?
False
Suppose 3*w - w - 4*z = 30, -2*w - 5*z = 6. Suppose 4*g = 5 + w. Is 3/((-3)/(g*-7)) composite?
True
Suppose -4*b - b = -1935. Suppose -5*g + 3*v + b = -v, 2*v + 233 = 3*g. Is g a composite number?
False
Let i be 0 + (0 + -1 - -7). Let m = i - 26. Let w = m - -55. Is w prime?
False
Let k(o) = o**3 + 5*o**2 + 